) + 3 + 1)
4
Evaluate (0 - 4) + 2 - 2 - -2.
-2
Evaluate (3 - (6 - 3)) + 0 + 2.
2
Evaluate -3 - (-2 + (6 - 2)).
-5
Evaluate (6 - 7) + 1 - 0.
0
Evaluate -6 + 3 + 7 + 1 + -10.
-5
What is the value of -2 + -8 + 0 - -11?
1
Calculate (3 - 13) + -13 + 18.
-5
What is (-15 - -8) + -5 + 6?
-6
What is (2 - 1 - 3) + -1 + 2?
-1
What is 2 - ((-3 - (4 + -8)) + -1)?
2
-4 + 3 + -1 + -1
-3
What is the value of 3 + 4 - (4 + -1)?
4
13 + (-8 - (5 - 11))
11
Calculate -7 - (-3 - 3 - (25 + -23)).
1
-1 + 4 + -5 + 5 + -3
0
What is the value of -2 - -9 - 5 - -4?
6
What is the value of -3 + 0 + 1 - (14 - 13)?
-3
5 + (-5 - -8) - (12 + -10)
6
-7 + 8 + -8 - -6
-1
Evaluate -33 - -35 - (5 + 1).
-4
Evaluate (-13 - 1) + 1 - -9.
-4
6 - (0 + 7 - 3)
2
What is the value of 28 + -26 - (1 + 0 + 0)?
1
Calculate -7 - 0 - (-17 + (18 - 1)).
-7
What is the value of 0 + 2 - (-4 - -2)?
4
Calculate 1 + 3 - (7 - (1 + -1)).
-3
What is the value of (0 - (4 + 0)) + 3?
-1
Evaluate (0 - -7) + -24 + 19.
2
Evaluate (17 - 14) + (-6 - -1).
-2
10 - (7 - (10 + -3 - 5))
5
Evaluate (2 - -2) + 1 + -11.
-6
What is the value of -5 + 7 + (-10 - -10)?
2
What is 4 + -2 + -2 + 2 + -2?
0
Calculate (8 - (12 - 6)) + 2 + -2.
2
Evaluate 1 - 0 - -3 - 7.
-3
Evaluate -11 - (4 - 7) - -9.
1
What is (4 + -8 - -2) + 6?
4
Calculate (-4 - -2) + (5 + 14 - 9).
8
0 - (-1 + 6 + (5 - 8))
-2
What is (9 - 3) + -2 + 0?
4
Calculate -6 + (5 - -2) - (-2 - -2).
1
What is the value of 3 - (-3 + 1 + 1) - -1?
5
-4 + (15 - 12) + -2 + -1
-4
What is the value of -3 - (3 + (15 - 12))?
-9
Calculate (-16 - 1) + (-15 - -24).
-8
What is 1 + -11 + -10 + 16?
-4
-5 + 1 - -4 - -1
1
What is the value of (-2 - (3 + -1 + -5)) + -7?
-6
What is -1 + (-4 - (-1 + -4)) - 3?
-3
Evaluate -3 + 1 - (-21 - -15).
4
What is 11 + -21 + 2 + 10?
2
What is 0 - -1 - (-47 - -45)?
3
What is -12 + 5 + -3 + 3?
-7
What is the value of 6 + -6 - (0 - 0)?
0
What is (23 - 21) + (-3 - -2)?
1
What is the value of (4 - (4 + (-4 - -9))) + 0?
-5
What is 0 + -4 + 0 - (0 - -1)?
-5
What is 6 + (-3 - 8) - (-1 + -4)?
0
Evaluate 4 - -1 - (3 + -2).
4
What is -1 + 3 - (1 - 0)?
1
Calculate 1 + -2 - (2 + -3 + 1).
-1
Evaluate 6 + (6 - 17) + 7.
2
What is the value of 3 - (-3 + 4 + -2) - -1?
5
What is -3 + -2 + -2 + (18 - 16)?
-5
Calculate 5 + 0 + 0 + -1.
4
3 - (-7 - (-3 + 0 + -2))
5
Calculate -5 + 2 - (-2 + 0).
-1
What is 0 - ((-6 - -3) + 3 + 2)?
-2
What is (-5 - (-4 + -5)) + 5 + -5?
4
7 - ((-3 - -4) + 4) - 0
2
5 + -8 + (2 - -2) + -9
-8
What is the value of 3 + (-1 - 11) + 12?
3
-3 + -5 + 1 + (-1 - -6)
-2
Calculate 5 + (-12 - ((0 - -5) + -10)).
-2
Calculate -3 - (4 + -1 + -4).
-2
Evaluate 5 + -9 + (0 - -4) + -1.
-1
-7 + 3 - (0 - (8 - 5))
-1
What is 0 + 7 + (9 - 13) - 8?
-5
Evaluate 2 + 1 + 7 + -10.
0
Calculate -1 + 3 - (0 + 1 + 4).
-3
What is the value of -177 - -186 - (2 + 1)?
6
Evaluate (-5 - -2) + -3 + 9 - 2.
1
Calculate -9 + 11 + -2 + -2.
-2
Calculate (14 - 17) + (2 - 4).
-5
-2 - (2 + 5) - 0
-9
Calculate (1 + 0 - -2) + 1 - 5.
-1
Evaluate (21 + -31 - -20) + (1 - 5).
6
Calculate 7 - 10 - (-3 + 2) - 2.
-4
What is 2 - (11 - 8) - 6?
-7
What is the value of (-2 - (1 + (6 - 5))) + 0?
-4
What is -3 - ((2 - (2 + -2)) + -2)?
-3
(1 - -3) + (-3 - 2 - -5)
4
Evaluate -12 + 10 + (1 - -5).
4
Evaluate -7 + 3 - (4 - 13 - -2).
3
What is 14 + -6 + 0 + -10?
-2
What is the value of (1 - -7) + (-3 - (-4 + 5))?
4
What is 33 + -28 + (2 - 1) - 3?
3
What is 11 + -6 + 1 + (-5 - -6)?
7
6 - (-20 - -8 - -12)
6
-10 - (-14 - -10 - 8)
2
What is the value of 4 + (1 - -1 - (-17 - -19))?
4
Calculate (1 + 3 + -1 - -2) + -3.
2
Evaluate (4 - (19 + -3 + -2)) + 6.
-4
What is -6 + (0 - (3 - 7))?
-2
What is the value of -17 - -20 - (3 - (2 - 0))?
2
Evaluate 5 + -15 - (-3 - 10).
3
Calculate 0 + (-6 - -2) + (5 - 3).
-2
Evaluate (9 + 12 - 8) + -9.
4
Evaluate -108 + 117 - (14 - 0).
-5
Calculate -14 + (12 - (5 + 1)).
-8
Evaluate -6 + (-15 - -7 - -1 - -8).
-5
Calculate 2 + (-12 - 1) + (-33 - -39).
-5
Calculate (-1 - -2) + 4 + (0 - 6).
-1
-1 - -2 - (2 - -1)
-2
Evaluate (2 + -1 + 1 - 6) + 5.
1
What is -17 - (-15 - (-8 + 2))?
-8
-28 + 26 + (2 - -2)
2
Evaluate 2 + -4 - (-5 + 8).
-5
8 + (6 - 23) + 3
-6
What is 5 + (1 - (2 - -2) - -4)?
6
What is the value of (0 - -2) + 1 + -8 + 3?
-2
Evaluate (-1 - 5) + (-5 - -6).
-5
What is the value of -159 - -156 - (-7 - (-1 - 0))?
3
What is the value of (0 + -5 - -7) + -2?
0
What is the value of -2 - (-2 - 3) - -8 - 1?
10
What is the value of -7 + 1 + 4 + (-1 - -3)?
0
-2 + (10 - (0 - -3))
5
Calculate (-9 - (-9 - 7)) + 3.
10
What is the value of 6 - (23 - 2 - 14)?
-1
Calculate 2 + -2 - (-21 + 18).
3
What is the value of (2 - -9) + 22 + -32?
1
0 + 3 + -7 + 4 + 5
5
What is -4 - 2 - (-1 - (-12 - -10))?
-7
Calculate 6 + -5 - -2 - 2.
1
Evaluate -7 + 5 - 2 - -3.
-1
-46 - -37 - (1 - 7)
-3
-4 + 2 + -2 - -3
-1
Calculate (-1 - 0) + (6 - 4).
1
Evaluate 2 - (2 + 6 + -2) - -4.
0
0 + 1 + 3 + -12 + 4
-4
What is the value of (7 - 10) + (4 - 0)?
1
What is -2 + -3 + (8 + 1 - 0)?
4
0 - 2 - (-6 - (2 - 1))
5
-2 - (4 + -7) - -3
4
What is -8 + 11 + -11 - -13?
5
What is the value of 0 - (-5 + 0) - 1?
4
What is (10 - 3) + (0 - 5)?
2
Calculate 3 + (-4 + 3 - 2).
0
Evaluate -5 + 15 + -5 - (5 - 3).
3
Evaluate 5 + (-4 - (12 - 5)).
-6
Calculate 2 - (-4 + 1 + -1 + 4).
2
Evaluate -9 + 8 + 5 + -1 - 2.
1
What is the value of 2 + -5 + -5 + 4?
-4
Evaluate 4 + -3 + (6 + 5 - 6).
6
5 - 13 - (4 - 10)
-2
What is 6 + -6 - (-4 - -1)?
3
(-2 - -15) + (0 - 0 - 5)
8
What is the value of 6 + -1 - (-3 - (-3 - 5))?
0
Evaluate -29 + 35 + (-4 + 1 - 0).
3
Calculate 0 + (-3 - -1) + (-2 - 0).
-4
What is the value of 1 - 3 - (3 + 0)?
-5
What is the value of 17 + (15 - (-7 - -28))?
11
What is -3 + -1 + -2 + 6 + -5?
-5
What is the value of 3 + 4 + 0 + (2 - 1)?
8
Calculate -1 + (-27 - -8) + 3 + 7.
-10
-1 + (-2 + -6 - -6)
-3
Calculate 11 + 0 + -4 - 4.
3
-1 + (6 - 3) - (-1 + 0)
3
What is the value of 4 - (7 + -12 + 13 + 0)?
-4
What is the value of 1 + (7 - (5 + 1) - 3)?
-1
Evaluate -11 - -11 - (3 - 7).
4
What is 0 + -1 + -1 + (61 - 58)?
1
Evaluate -6 - (0 + -4) - -5.
3
What is the value of (3 - (2 + 3)) + 6?
4
What is (1 - 7) + (25 - 20)?
-1
What is -3 + -1 - (11 - (-11 - -24))?
-2
Evaluate (14 - 5) + -12 + 8.
5
What is 13 + -23 - (-8 + 2)?
-4
1 + -1 - -2 - (-11 - -10)
3
Calculate -3 + 5 + -1 + 2.
3
Evaluate (2 - 19 - -15) + 1 + -4.
-5
What is the value of -2 + (7 - (8 - 6)) + -7?
-4
What is 1 + 0 - (0 + -1 - 1)?
3
Calculate 1 + (4 - (0 - 3 - -2)).
6
What is -4 + -2 + 2 + 9?
5
Calculate 1 + (4 - 3) + -10.
-8
11 + -7 + -8 + 0 + 0
-4
8 + -3 + (-7 - -2)
0
What is 5 - (-7 + (10 - 1))?
3
Calculate 1 + 3 + 13 + -18.
-1
Calculate 1 + (-6 - -1) - 1.
-5
Calculate (6 - -2 - 6) + 2.
4
What is 1 - (3 - (3 - (8 - 4)))?
-3
What is the value of (25 - 21) + (-2 - 7)?
-5
(2 - -7) + 5 + -11
3
What is -3 - -1 - (-3 + 1)?
0
Evaluate -2 + 3 - (-2 - -6).
-3
(4 - (18 + 2)) + 12
-4
2 - -5 - (-7 - -9)
5
What is the value of -12 + (0 - -7) - -5?
0
-3 - -2 - (4 - (1 - 4))
-8
What is the value of -2 + (0 + 4 + 0 - 7)?
-5
Evaluate 6 + -9 + -7 - -7.
-3
What is the value of 18 + (6 - 17) + -2 + 1?
6
3 + -6 + (6 - 4 - -7)
6
-6 + -7 + 6 + 1 + 5
-1
Calculate (-5 - (-22 - -13)) + -2 + 0.
2
Evaluate -4 - ((-2 - 0) + 0 + 0).
-2
-1 + -1 + 3 + -5 + 6
2
What is the value of -3 + -1 + 6 + -9 + 2?
-5
What is the value of 0 - (5 - ((0 - -1) + 9))?
5
What is the value of (-5 - (5 + -6) - -2) + -1?
-3
What is the value of 1 + 1 + -12 + (18 - 6)?
2
What is -5 - 1 - (1 + -2 + 0)?
-5
Calculate -5 + (0 - (2 + 0)) + 2.
-5
What is (9 - (7 + 1)) + (-4 - 0)?
-3
Evaluate 1 - 6 - (-62 + 54).
3
Evaluate -2 + (-3 - (0 + 0)) + 1.
-4
4 - 4 - (0 + (3 - 2))
-1
Evaluate (-10 - (-10 + 13)) + 12.
-1
What is -81 + 84 - (2 - (7 - 1))?
7
Calculate 2 + (-1 - -3) + -13 + 5.
-4
What is the value of -4 - (-7 + 2) - (-3 + 0)?
4
Calculate -6 + 1 + (10 + -6 - 2).
-3
What is the value of 2 + (-7 - 1) + 4?
-2
Evaluate 10 - (7 + (3 - 4) + 1).
3
What is -5 + 0 + 4 + -4 + 4?
-1
What is (2 - -3) + -23 + 18?
0
What is 3 + (-2 - (-2 - (-1 + -1)))?
1
Calculate -1 - (-8 - -4) - (1 + -1).
3
What is the value of (-1 - 3) + (8 - 3 - 1)?
0
What is the value of -1 + -6 + 1 - (104 - 105)?
-5
What is the value of (5 - -5) + -2 + -8?
0
5 - (7 + -7 + 5)
0
What is the value of -4 + 5 + 0 + -6?
-5
Calculate (-3 - -9) + -11 + -1 + 1.
-5
Evaluate 1 + 1 + -4 + -3 